 prime?
True
Is 1487447 a prime number?
False
Is 1249 a composite number?
False
Is 26599 a prime number?
False
Is 8663 a composite number?
False
Is 195974 prime?
False
Is 36758 a prime number?
False
Is 44879 composite?
False
Is 1013231 a prime number?
False
Is 9407 a prime number?
False
Is 301697 prime?
False
Is 151237 a composite number?
False
Is 194333 a composite number?
True
Is 606199 prime?
False
Is 2011274 a composite number?
True
Is 1187 prime?
True
Is 10077 composite?
True
Is 288191 prime?
True
Is 249779 prime?
True
Is 5219 a composite number?
True
Is 15893 composite?
True
Is 657719 a prime number?
True
Is 29663 composite?
False
Is 27627 composite?
True
Is 30209 a prime number?
False
Is 108473 a composite number?
True
Is 5303 a prime number?
True
Is 102653 a composite number?
False
Is 101909 a composite number?
True
Is 444253 prime?
True
Is 5897 prime?
True
Is 527489 composite?
False
Is 5351 a prime number?
True
Is 39011 composite?
True
Is 5807 a composite number?
False
Is 95609 a prime number?
False
Is 124373 prime?
False
Is 1061 a composite number?
False
Is 198707 prime?
False
Is 28019 composite?
False
Is 230431 a prime number?
True
Is 6082 composite?
True
Is 88079 prime?
True
Is 242621 composite?
False
Is 279751 a composite number?
False
Is 124001 a composite number?
False
Is 388727 a prime number?
True
Is 118639 a composite number?
True
Is 80849 composite?
False
Is 452519 composite?
False
Is 559411 composite?
True
Is 41113 a prime number?
True
Is 5905 prime?
False
Is 9077 a composite number?
True
Is 713663 a prime number?
True
Is 11677 a composite number?
False
Is 1286931 composite?
True
Is 43315 a composite number?
True
Is 23137 a prime number?
False
Is 46469 a composite number?
True
Is 15098 a composite number?
True
Is 44249 prime?
True
Is 79757 a composite number?
False
Is 193649 composite?
False
Is 23971 composite?
False
Is 17021 prime?
True
Is 110917 prime?
True
Is 255971 prime?
True
Is 326107 composite?
True
Is 13849 a composite number?
True
Is 253527 a prime number?
False
Is 1128209 prime?
True
Is 2096547 composite?
True
Is 4300581 a composite number?
True
Is 20477 a composite number?
False
Is 502 a composite number?
True
Is 7573 a composite number?
False
Is 59174 prime?
False
Is 124601 composite?
False
Is 1083223 prime?
False
Is 29771 a composite number?
True
Is 25577 a prime number?
True
Is 23455 a composite number?
True
Is 3877 a prime number?
True
Is 20939 prime?
True
Is 25663 a composite number?
True
Is 63191 composite?
True
Is 18623 a composite number?
True
Is 226307 a prime number?
True
Is 785521 prime?
False
Is 550903 a composite number?
False
Is 1810203 a composite number?
True
Is 11777 a prime number?
True
Is 23417 a composite number?
False
Is 9647 composite?
True
Is 38427 a composite number?
True
Is 58279 a prime number?
False
Is 28277 composite?
False
Is 200743 prime?
False
Is 21269 prime?
True
Is 164729 composite?
False
Is 1153237 composite?
False
Is 64858 a composite number?
True
Is 1812669 a composite number?
True
Is 13043 a composite number?
False
Is 32297 a prime number?
True
Is 60859 a composite number?
False
Is 1427353 composite?
True
Is 3359 a composite number?
False
Is 23237 a prime number?
False
Is 47033 a prime number?
False
Is 42323 a composite number?
False
Is 16001 a composite number?
False
Is 560013 prime?
False
Is 4153 a prime number?
True
Is 52879 a composite number?
False
Is 801449 prime?
False
Is 323899 a prime number?
True
Is 1000417 a prime number?
False
Is 63569 composite?
True
Is 6329 a composite number?
False
Is 1271 composite?
True
Is 109339 a prime number?
False
Is 13085 prime?
False
Is 34049 a composite number?
True
Is 897081 composite?
True
Is 18089 a composite number?
False
Is 492251 composite?
False
Is 491213 a prime number?
True
Is 25157 composite?
True
Is 3889 a prime number?
True
Is 1013399 prime?
True
Is 4861 a prime number?
True
Is 217229 a prime number?
True
Is 101617 a composite number?
True
Is 505013 prime?
False
Is 215421 a composite number?
True
Is 35314 a prime number?
False
Is 40123 composite?
False
Is 287047 a composite number?
False
Is 73547 a prime number?
True
Is 7177 a prime number?
True
Is 2203 a composite number?
False
Is 4474 prime?
False
Is 6799 prime?
False
Is 104783 a prime number?
False
Is 9242 prime?
False
Is 121039 a composite number?
False
Is 1878673 composite?
True
Is 6887 composite?
True
Is 3041651 a prime number?
True
Is 108863 composite?
False
Is 5561 composite?
True
Is 354581 composite?
False
Is 95281 prime?
False
Is 27143 composite?
False
Is 105097 a prime number?
True
Is 121287 prime?
False
Is 69655 composite?
True
Is 3821 a prime number?
True
Is 4709 a prime number?
False
Is 65789 a prime number?
True
Is 4411 composite?
True
Is 1733 a composite number?
False
Is 418883 a prime number?
True
Is 166037 prime?
False
Is 176005 a prime number?
False
Is 144973 prime?
True
Is 25733 prime?
True
Is 9263 prime?
False
Is 48437 a composite number?
False
Is 95797 a composite number?
True
Is 29089 prime?
False
Is 35935 composite?
True
Is 30986 a prime number?
False
Is 114967 a prime number?
True
Is 88411 a prime number?
True
Is 107551 a composite number?
True
Is 40063 composite?
False
Is 11399 composite?
False
Is 2022221 a composite number?
True
Is 117031 a composite number?
True
Is 12895 composite?
True
Is 62043 a prime number?
False
Is 195967 a prime number?
True
Is 2632495 a composite number?
True
Is 12713 a composite number?
False
Is 32171 a composite number?
True
Is 2921 a composite number?
True
Is 206153 a composite number?
False
Is 664739 a composite number?
False
Is 1434107 a prime number?
True
Is 926753 composite?
True
Is 205211 a prime number?
True
Is 7240201 a composite number?
False
Is 154859 a prime number?
False
Is 803813 a composite number?
False
Is 193561 a prime number?
False
Is 33951 prime?
False
Is 70043 a prime number?
False
Is 301865 composite?
True
Is 5601 a composite number?
True
Is 9029 a composite number?
False
Is 26233 a prime number?
False
Is 255329 a prime number?
True
Is 744071 a composite number?
False
Is 24943 a prime number?
True
Is 99147 a composite number?
True
Is 44059 composite?
False
Is 448027 prime?
True
Is 40501 a composite number?
True
Is 1006331 prime?
True
Is 276233 prime?
False
Is 680065 composite?
True
Is 126421 prime?
True
Is 88993 a prime number?
True
Is 1150597 prime?
False
Is 31561 a composite number?
True
Is 125593 composite?
True
Is 18947 a prime number?
True
Is 378433 prime?
False
Is 148991 composite?
False
Is 622235 prime?
False
Is 12611 composite?
False
Is 41101 a composite number?
True
Is 578093 a composite number?
False
Is 18839 a prime number?
True
Is 26507 a composite number?
True
Is 23321 composite?
False
Is 12889 prime?
True
Is 635 a prime number?
False
Is 34037 a prime number?
False
Is 16249 prime?
True
Is 426253 prime?
True
Is 7402 a prime number?
False
Is 474479 composite?
False
Is 457 composite?
False
Is 66347 a prime number?
True
Is 28153 a prime number?
False
Is 1022111 composite?
True
Is 988937 a composite number?
False
Is 3046 a prime number?
False
Is 12443 composite?
True
Is 9793 a prime number?
False
Is 2227 a composite number?
True
Is 524969 composite?
False
Is 1707647 a composite number?
False
Is 375359 prime?
True
Is 3049 prime?
True
Is 362105 prime?
False
Is 3233913 prime?
False
Is 1009 a prime number?
True
Is 11002 a composite number?
True
Is 6623 composite?
True
Is 726457 composite?
False
Is 479 a composite number?
False
Is 469 prime?
False
Is 24319 composite?
True
Is 9613 composite?
False
Is 93521 prime?
False
Is 1657 prime?
True
Is 601937 prime?
False
Is 6529 composite?
False
Is 10639 composite?
False
Is 163 a composite number?
False
Is 168515 prime?
False
Is 35254 a prime number?
False
Is 94657 a prime number?
False
Is 37469 a prime number?
False
Is 47159 composite?
True
Is 440429 prime?
False
Is 1040401 composite?
True
Is 869 a composite number?
True
Is 235 a prime number?
False
Is 9239 a composite number?
False
Is 732877 composite?
False
Is 88289 prime?
True
Is 713 a composite number?
True
Is 23339 a prime number?
True
Is 211277 a composite number?
True
Is 13522 prime?
False
Is 87923 composite?
True
Is 36769 a prime number?
False
Is 10559 a composite number?
False
Is 9299 a prime n